{"id":112,"date":"2026-01-03T00:34:06","date_gmt":"2026-01-02T23:34:06","guid":{"rendered":"https:\/\/robimygale.pl\/?post_type=product&#038;p=112"},"modified":"2026-01-03T00:35:34","modified_gmt":"2026-01-02T23:35:34","slug":"galka-zmiany-biegow-z-drewna-i-zywicy-epoksydowej-kopia","status":"publish","type":"product","link":"https:\/\/robimygale.pl\/?product=galka-zmiany-biegow-z-drewna-i-zywicy-epoksydowej-kopia","title":{"rendered":"Ga\u0142ka zmiany bieg\u00f3w z drewna i \u017cywicy epoksydowej (Kopia)"},"content":{"rendered":"<h1 data-start=\"1534\" data-end=\"1603\">Ga\u0142ka zmiany bieg\u00f3w z drewna \u2013 klasyka w naturalnym wydaniu<\/h1>\n<p>R\u0119cznie wykonana ga\u0142ka z drewna to propozycja dla os\u00f3b ceni\u0105cych <strong data-start=\"1670\" data-end=\"1713\">naturalne materia\u0142y i ponadczasowy styl<\/strong>. Ka\u017cda ga\u0142ka jest <strong data-start=\"1732\" data-end=\"1758\">jedyna w swoim rodzaju<\/strong>, a unikalne s\u0142oje drewna dodaj\u0105 wn\u0119trzu auta <strong data-start=\"1804\" data-end=\"1830\">charakteru i elegancji<\/strong>.<\/p>\n<p data-start=\"1835\" data-end=\"1858\">\u2728 Naturalny urok<\/p>\n<ul data-start=\"1859\" data-end=\"2042\">\n<li data-start=\"1859\" data-end=\"1915\">Ka\u017cda ga\u0142ka ma <strong data-start=\"1876\" data-end=\"1913\">niepowtarzalny wz\u00f3r s\u0142oj\u00f3w drewna<\/strong><\/li>\n<li data-start=\"1916\" data-end=\"1982\">R\u0119czne szlifowanie i polerowanie daje komfortowy, g\u0142adki chwyt<\/li>\n<li data-start=\"1983\" data-end=\"2042\">Mo\u017cliwo\u015b\u0107 dopasowania do indywidualnych potrzeb wn\u0119trza<\/li>\n<\/ul>\n<p data-start=\"2044\" data-end=\"2072\">\ud83d\udee0\ufe0f Solidne wykonanie<\/p>\n<ul data-start=\"2073\" data-end=\"2218\">\n<li data-start=\"2073\" data-end=\"2129\"><strong data-start=\"2075\" data-end=\"2092\">Stalowy gwint<\/strong> zapewniaj\u0105cy trwa\u0142o\u015b\u0107 i stabilno\u015b\u0107<\/li>\n<li data-start=\"2130\" data-end=\"2173\">Drewno odporne na codzienne u\u017cytkowanie<\/li>\n<li data-start=\"2174\" data-end=\"2218\">Ergonomiczny kszta\u0142t dopasowany do d\u0142oni<\/li>\n<\/ul>\n<p data-start=\"2220\" data-end=\"2251\">\ud83d\ude97 Styl i funkcjonalno\u015b\u0107<\/p>\n<ul data-start=\"2252\" data-end=\"2411\">\n<li data-start=\"2252\" data-end=\"2311\">Naturalny materia\u0142 wprowadza elegancj\u0119 i ciep\u0142o do auta<\/li>\n<li data-start=\"2312\" data-end=\"2364\">Idealna do klasycznych i nowoczesnych samochod\u00f3w<\/li>\n<li data-start=\"2365\" data-end=\"2411\">Komfortowa zmiana bieg\u00f3w w ka\u017cdej sytuacji<\/li>\n<\/ul>\n<p data-start=\"2413\" data-end=\"2440\">\ud83c\udf81 Wyj\u0105tkowy prezent<\/p>\n<p data-start=\"2413\" data-end=\"2440\">\ud83d\ude9a <strong data-start=\"170\" data-end=\"207\">DARMOWA WYSY\u0141KA NA TERENIE POLSKI<\/strong><\/p>\n<p>Ga\u0142ka z drewna to <strong data-start=\"2459\" data-end=\"2501\">idealny upominek dla fan\u00f3w motoryzacji<\/strong> i os\u00f3b, kt\u00f3re ceni\u0105 r\u0119cznie wykonane, unikatowe dodatki.<\/p>\n","protected":false},"excerpt":{"rendered":"<p>Ga\u0142ka zmiany bieg\u00f3w z drewna \u2013 klasyka w naturalnym wydaniu R\u0119cznie wykonana ga\u0142ka z drewna to propozycja dla os\u00f3b ceni\u0105cych naturalne materia\u0142y i ponadczasowy styl. Ka\u017cda ga\u0142ka jest jedyna w swoim rodzaju, a unikalne s\u0142oje drewna dodaj\u0105 wn\u0119trzu auta charakteru i elegancji. \u2728 Naturalny urok Ka\u017cda ga\u0142ka ma niepowtarzalny wz\u00f3r s\u0142oj\u00f3w drewna R\u0119czne szlifowanie i polerowanie daje komfortowy, g\u0142adki chwyt Mo\u017cliwo\u015b\u0107 dopasowania do indywidualnych potrzeb wn\u0119trza \ud83d\udee0\ufe0f Solidne wykonanie Stalowy gwint zapewniaj\u0105cy trwa\u0142o\u015b\u0107 i stabilno\u015b\u0107 Drewno odporne na codzienne u\u017cytkowanie Ergonomiczny kszta\u0142t dopasowany do d\u0142oni \ud83d\ude97 Styl i funkcjonalno\u015b\u0107 Naturalny materia\u0142 wprowadza elegancj\u0119 i ciep\u0142o do auta Idealna do klasycznych i nowoczesnych samochod\u00f3w Komfortowa zmiana bieg\u00f3w w ka\u017cdej sytuacji \ud83c\udf81 Wyj\u0105tkowy prezent \ud83d\ude9a DARMOWA WYSY\u0141KA NA TERENIE POLSKI Ga\u0142ka z drewna to idealny upominek dla fan\u00f3w motoryzacji i os\u00f3b, kt\u00f3re ceni\u0105 r\u0119cznie wykonane, unikatowe dodatki.<\/p>\n","protected":false},"featured_media":111,"comment_status":"open","ping_status":"closed","template":"","meta":[],"product_brand":[],"product_cat":[15,18,21],"product_tag":[],"class_list":{"0":"post-112","1":"product","2":"type-product","3":"status-publish","4":"has-post-thumbnail","6":"product_cat-wszystko","7":"product_cat-galki-zmiany-biegow","8":"product_cat-galki-zmiany-biegow-na-zamowinie","10":"first","11":"onbackorder","12":"featured","13":"shipping-taxable","14":"purchasable","15":"product-type-simple"},"_links":{"self":[{"href":"https:\/\/robimygale.pl\/index.php?rest_route=\/wp\/v2\/product\/112","targetHints":{"allow":["GET"]}}],"collection":[{"href":"https:\/\/robimygale.pl\/index.php?rest_route=\/wp\/v2\/product"}],"about":[{"href":"https:\/\/robimygale.pl\/index.php?rest_route=\/wp\/v2\/types\/product"}],"replies":[{"embeddable":true,"href":"https:\/\/robimygale.pl\/index.php?rest_route=%2Fwp%2Fv2%2Fcomments&post=112"}],"wp:featuredmedia":[{"embeddable":true,"href":"https:\/\/robimygale.pl\/index.php?rest_route=\/wp\/v2\/media\/111"}],"wp:attachment":[{"href":"https:\/\/robimygale.pl\/index.php?rest_route=%2Fwp%2Fv2%2Fmedia&parent=112"}],"wp:term":[{"taxonomy":"product_brand","embeddable":true,"href":"https:\/\/robimygale.pl\/index.php?rest_route=%2Fwp%2Fv2%2Fproduct_brand&post=112"},{"taxonomy":"product_cat","embeddable":true,"href":"https:\/\/robimygale.pl\/index.php?rest_route=%2Fwp%2Fv2%2Fproduct_cat&post=112"},{"taxonomy":"product_tag","embeddable":true,"href":"https:\/\/robimygale.pl\/index.php?rest_route=%2Fwp%2Fv2%2Fproduct_tag&post=112"}],"curies":[{"name":"wp","href":"https:\/\/api.w.org\/{rel}","templated":true}]}}